7 a factor of 189557659?
True
Does 2596 divide 261835492?
False
Does 19 divide 388487775?
True
Is 24071020 a multiple of 133?
False
Does 2048 divide 4355831808?
True
Is 165100289 a multiple of 19?
False
Does 6 divide 411178278?
True
Is 15 a factor of 66987405?
True
Does 5296 divide 182182400?
True
Is 367 a factor of 99932558?
False
Does 886 divide 246159884?
False
Does 31 divide 55434097?
False
Does 69 divide 21408863?
False
Does 196 divide 1476318648?
True
Does 1223 divide 56654252?
True
Does 334 divide 4580914822?
False
Is 71634429 a multiple of 53?
True
Is 108779117 a multiple of 63?
False
Does 195 divide 65954989?
False
Is 4108 a factor of 402584000?
True
Is 23833657 a multiple of 305?
False
Is 43993782 a multiple of 909?
True
Does 16 divide 117073584?
True
Is 998 a factor of 60246200?
False
Is 2114393190 a multiple of 238?
True
Is 5467625 a multiple of 17?
True
Is 238 a factor of 98720020?
True
Is 55688710 a multiple of 770?
True
Does 2386 divide 2269604834?
False
Does 35 divide 83002465?
True
Is 31227711 a multiple of 886?
False
Does 844 divide 11581368?
True
Does 515 divide 149646471?
False
Is 284 a factor of 2793236195?
False
Is 6 a factor of 18960372?
True
Is 724527729 a multiple of 40?
False
Is 10 a factor of 9126543?
False
Is 10 a factor of 627064610?
True
Is 98318566 a multiple of 55?
False
Does 1082 divide 14332570?
False
Does 28 divide 2574530006?
False
Is 211820986 a multiple of 113?
True
Is 40257676 a multiple of 168?
False
Is 148985480 a multiple of 20?
True
Is 38711267 a multiple of 295?
False
Does 225 divide 1756468575?
True
Is 359513759 a multiple of 358?
False
Is 508077776 a multiple of 15?
False
Does 141 divide 10057264?
False
Is 261372 a multiple of 12?
True
Is 50974735 a multiple of 114?
False
Is 1716 a factor of 2365542036?
True
Is 2 a factor of 354043953?
False
Is 933494898 a multiple of 14?
True
Is 590 a factor of 104547393?
False
Is 29 a factor of 289333372?
False
Is 208 a factor of 1732848?
True
Does 19 divide 22940011?
True
Is 302813530 a multiple of 2027?
True
Is 1012679340 a multiple of 1412?
True
Is 829485552 a multiple of 19?
False
Does 27 divide 41078995?
False
Does 21 divide 2909025?
True
Is 19691540 a multiple of 121?
True
Is 543 a factor of 6973991?
False
Is 3493596 a multiple of 347?
True
Is 316 a factor of 1635144836?
False
Is 55 a factor of 4561140925?
True
Is 921548964 a multiple of 42?
True
Does 42 divide 28461677?
False
Does 262 divide 193532326?
True
Is 151 a factor of 18188596?
False
Is 1037082871 a multiple of 42?
False
Is 1276648008 a multiple of 8991?
False
Does 6012 divide 999948964?
False
Is 45489661 a multiple of 29?
True
Is 8290443 a multiple of 7?
True
Does 568 divide 1013963496?
True
Does 429 divide 11570130?
True
Does 537 divide 453560940?
True
Does 246 divide 1451508240?
True
Does 337 divide 30172333?
False
Does 671 divide 414652022?
False
Is 224 a factor of 1028712160?
True
Is 24383526 a multiple of 591?
False
Is 29 a factor of 18530014?
True
Is 1611 a factor of 1172845641?
False
Is 412343281 a multiple of 156?
False
Is 145814274 a multiple of 2548?
False
Does 63 divide 23670423?
True
Is 446603133 a multiple of 177?
False
Does 2762 divide 1622351846?
True
Is 186761205 a multiple of 17?
False
Is 151190400 a multiple of 75?
True
Is 110179362 a multiple of 15?
False
Is 177 a factor of 61833180?
True
Does 1097 divide 283147767?
True
Is 16 a factor of 8604449?
False
Does 1229 divide 1270369369?
True
Does 107 divide 16758450?
False
Is 51009795 a multiple of 522?
False
Does 1795 divide 125614830?
False
Is 82 a factor of 22726382?
True
Does 288 divide 276699168?
True
Is 118209302 a multiple of 7?
False
Does 3 divide 327435?
True
Is 259076090 a multiple of 91?
True
Is 4318122832 a multiple of 1313?
False
Is 68 a factor of 243575116?
True
Does 3 divide 9047214?
True
Is 11325241 a multiple of 2?
False
Does 12 divide 376800250?
False
Is 879850928 a multiple of 219?
False
Is 1773898 a multiple of 1127?
True
Is 882636345 a multiple of 860?
False
Is 86 a factor of 322880396?
False
Is 3363830280 a multiple of 5541?
True
Is 19 a factor of 4485167570?
False
Is 1234539791 a multiple of 1265?
False
Is 22384768 a multiple of 196?
True
Does 6493 divide 37921198?
False
Is 3572000 a multiple of 38?
True
Is 28547894 a multiple of 489?
False
Is 5 a factor of 74436820?
True
Is 1094748 a multiple of 18?
False
Is 3272 a factor of 1415816245?
False
Is 2873438260 a multiple of 595?
True
Is 1487209444 a multiple of 2947?
True
Is 16 a factor of 2228617857?
False
Is 103 a factor of 175605782?
False
Is 27 a factor of 686963403?
True
Does 11 divide 983070741?
False
Is 4652488890 a multiple of 210?
True
Is 250547834 a multiple of 5437?
True
Is 85 a factor of 340473365?
True
Is 26563020 a multiple of 20?
True
Does 60 divide 25159560?
True
Does 2513 divide 10271302?
False
Does 41 divide 233064418?
True
Is 31588096 a multiple of 25?
False
Is 61539248 a multiple of 6776?
False
Is 126478725 a multiple of 1035?
False
Is 59873297 a multiple of 461?
True
Does 56 divide 317430623?
False
Is 188 a factor of 65261568?
True
Is 48 a factor of 205354032?
True
Is 15431490 a multiple of 45?
True
Does 857 divide 57907490?
True
Is 2323 a factor of 319190630?
False
Is 3064 a factor of 131384320?
True
Does 2288 divide 62206483?
False
Is 78 a factor of 205828584?
True
Is 17809387 a multiple of 8?
False
Is 359964772 a multiple of 39?
False
Is 34021828 a multiple of 4?
True
Is 12 a factor of 419822223?
False
Does 7060 divide 10515200?
False
Does 47 divide 8691925?
False
Is 1078 a factor of 1330969948?
True
Does 6553 divide 4180699962?
False
Is 7 a factor of 5658312?
False
Is 40 a factor of 10359920?
True
Is 155 a factor of 4872568530?
True
Does 28 divide 9210100?
False
Is 196165954 a multiple of 175?
False
Is 240087243 a multiple of 1468?
False
Is 33267410 a multiple of 80?
False
Is 9784076 a multiple of 41?
True
Is 361812216 a multiple of 4581?
False
Is 580274833 a multiple of 31?
True
Does 9 divide 97026402?
False
Is 182053932 a multiple of 463?
False
Is 264013087 a multiple of 3391?
True
Is 126801874 a multiple of 3830?
False
Does 1130 divide 15436066?
False
Is 254 a factor of 42100862?
False
Is 400758228 a multiple of 453?
True
Is 28 a factor of 1566228580?
True
Is 3466 a factor of 214434488?
True
Is 50 a factor of 101878700?
True
Does 4443 divide 2106466287?
True
Is 133 a factor of 122133368?
True
Is 7960 a factor of 1645268320?
True
Does 586 divide 385355576?
False
Does 278 divide 1379090433?
False
Does 216 divide 78874992?
True
Is 812 a factor of 8145172?
True
Is 62526420 a multiple of 2070?
True
Is 80205048 a multiple of 396?
True
Is 63588551 a multiple of 928?
False
Does 338 divide 789580801?
False
Is 17766660 a multiple of 160?
False
Is 196 a factor of 819082824?
True
Is 5028509751 a multiple of 71?
True
Does 67 divide 4548094?
True
Is 58 a factor of 76538293?
False
Does 105 divide 137769345?
True
Is 413 a factor of 949229288?
True
Does 1765 divide 57857613?
False
Is 122947970 a multiple of 1467?
False
Is 23694891 a multiple of 15?
False
Does 2578 divide 47794415?
False
Is 72596300 a multiple of 3785?
True
Is 3086976 a multiple of 410?
False
Does 379 divide 11326452?
False
Is 51 a factor of 81452532?
False
Is 130330584 a multiple of 36?
True
Is 1473770738 a multiple of 22?
True
Does 104 divide 417739608?
True
Is 37 a factor of 16397839?
False
Is 4191 a factor of 640854192?
True
Is 5 a factor of 9611452?
False
Is 39 a factor of 3932156339?
False
Is 19807020 a multiple of 15?
True
Is 14649146 a multiple of 68?
False
Is 1713009456 a multiple of 711?
True
Is 1346693236 a multiple of 4736?
False
Is 29656119 a multiple of 93?
True
Is 1829 a factor of 180953569?
False
Is 111097407 a multiple of 9?
False
Is 1285300315 a multiple of 2795?
True
Is 282287349 a multiple of 27?
True
Is 15730675 a multiple of 103?
True
Is 31 a factor of 53330527?
False
Does 6 divide 2131572146?
False
Is 210 a factor of 460931940?
True
Does 5781 divide 986707300?
False
Is 72976459 a multiple of 1030?
False
Does 292 divide 24644789?
False
Is 625 a factor of 28927475?
False
Is 1880737850 a multiple of 2881?
False
Is 105794953 a multiple of 117?
False
Does 12 divide 381271?
False
Does 169 divide 494657245?
False
Does 56 divide 252371728?
True
Does 297 divide 1145024